s digit of j?
1
Let w = -729 - -737. Suppose -w*k + 588 = -412. What is the hundreds digit of k?
1
Let d = 9660 - -234. What is the hundreds digit of d?
8
Suppose 1346 = -3*x + 1409. Suppose x*o = -6400 + 25447. What is the hundreds digit of o?
9
Suppose -15 = 5*p - 8*p. Suppose -3*c = -4*o + 36, 13 = -p*c + 33. Suppose 3*g + 306 = o*g. What is the units digit of g?
4
Let a = 38533 - 27236. What is the units digit of a?
7
Let z = -44 - -46. Let a(u) = -11 - 23*u**z + 7*u + u**3 + 35 + 15*u. What is the tens digit of a(22)?
2
Suppose 157*z + 67*z = 23*z + 4588026. What is the tens digit of z?
2
Suppose 33*w - 32*w + 2*m = 17583, 2*w + 5*m - 35164 = 0. What is the tens digit of w?
8
Let y = -1164 + 3928. Suppose 10*t - 3586 - y = 0. What is the units digit of t?
5
Let o(g) = g**2 + 98. Let w be (0*(-2)/4)/(-9 + 7). What is the tens digit of o(w)?
9
Suppose 0 = 1926*r - 1927*r + 11. Let s(n) = 13*n**2 - 71*n - 11. What is the hundreds digit of s(r)?
7
Let a(u) be the third derivative of -u**6/120 + u**4/12 + 9*u**3/2 - 2*u**2. Let m be a(0). Suppose 600 = -21*y + m*y. What is the units digit of y?
0
What is the tens digit of -37405*(-4)/(-10)*((-780)/40 + 19)?
8
Suppose -6*c - 69 = -87. Suppose 414 = c*w + 4*n - 1394, -3*w - 3*n = -1806. What is the tens digit of w?
0
Let g be 8/24 - (-1)/(-3). Suppose 4*a + 2*z + 3*z - 1441 = g, a = -z + 359. What is the units digit of a?
4
Let j = 51 - 51. Suppose -6*b + 113 + 49 = j. Suppose 60 + b = r. What is the units digit of r?
7
Suppose -2*l = 4, 5*d = 2*d + 2*l + 16. Suppose -5*j = -3*k + 1491, -d*k - 329 = -4*j - 2309. What is the units digit of k?
2
Let s be 6/(-12) + 105/10 - -5. Suppose -f + 20768 = s*f. What is the hundreds digit of f?
2
What is the units digit of (-215434)/(-10) - (-136)/(-40)?
0
What is the thousands digit of 156/((-4796)/(-16247) - 14/49)?
6
Let u(c) = 2*c**3 - 14*c**2 + 11*c - 44. Let i be u(18). What is the hundreds digit of i/8 + 24/32?
9
Let p be ((-41)/2)/((-4)/24). Let v be 27260/564 - ((-2)/3)/(-2). Let y = p - v. What is the units digit of y?
5
Suppose 0 = 174*z + 185*z - 21148690. What is the thousands digit of z?
8
Suppose 7*u - 451 + 115 = 0. Suppose u*a + 2145 = 51*a. What is the tens digit of a?
1
Suppose -26*i = 20 - 124. Let a(u) = 323*u**2 - u. Let l be a(-1). Suppose i*m - 4*c + 6*c - l = 0, 0 = -4*c. What is the tens digit of m?
8
Let d(y) = y + 16. Let l be d(-14). Suppose -35 = -l*m - 3*m. What is the tens digit of m/(-2)*(-3 + -19)?
7
Suppose 0 = -v - 1 + 4. Suppose v*a = 3*j + 2*a + 1, -4*j - 18 = 2*a. What is the hundreds digit of j*8/32 + (-474)/(-4)?
1
Let u(f) = f**2 - 11*f + 10. Let c be u(10). Suppose c = 6*k - 3*k - w - 1266, 844 = 2*k - 3*w. What is the units digit of k?
2
Let d be (2776/10)/(3 + (-26)/10). Suppose 566 + d = 6*n. What is the hundreds digit of n?
2
Suppose -785*n = -784*n - 3. Suppose -32*j + 30660 = n*j. What is the units digit of j?
6
Suppose -5721 = -k - 44*i + 46*i, -5763 = -k - 4*i. What is the hundreds digit of k?
7
Let u(o) be the second derivative of 11/2*o**2 - 3/4*o**4 + 1/20*o**5 + 7/3*o**3 + 0 + 25*o. What is the tens digit of u(8)?
5
Let z(d) = d**3 - 8*d**2 - 10*d + 5. Let s be z(-6). Let l = -137 - s. What is the hundreds digit of l?
3
Let k be 2*(-2)/(6/(-33)). Let y = -20 + k. What is the tens digit of y + -2 + (1 - -50)?
5
Suppose 2*p = -6*p + 200. Suppose p*k - 23*k = 698. Suppose -3*h = -k - 65. What is the tens digit of h?
3
Let m(b) = -4*b**3 + 19*b**2 - 3*b - 14. What is the tens digit of m(-8)?
7
Let h(q) = 34*q**3 - 41*q**3 + 0 - 1. Let f be h(-2). Suppose 4*c = 2*o + 70, -2*c + o = c - f. What is the units digit of c?
0
Suppose 3972 = -20*i - 14528. Let p = i + 1384. What is the units digit of p?
9
Suppose 0 = -2*o - 4*w + 8, o - w + 1 - 2 = 0. Suppose o*j - 1412 = -2*j - 2*s, -1065 = -3*j - 3*s. What is the hundreds digit of j?
3
Suppose -603*z + 3312964 = -560*z - 884868. What is the thousands digit of z?
7
Let g(q) = 57*q**2 - 58*q - 549. What is the hundreds digit of g(-9)?
5
Let u(i) = 8*i - 31. Suppose g - 4 = 1. Let q be u(g). Suppose 15*l - 852 = q*l. What is the units digit of l?
2
Suppose -5*b + 5 = 2*u, 2*u + 3*u = -2*b + 23. Suppose -2*c - u*h + 811 = 0, 5*h = c + 2*c - 1154. What is the tens digit of c?
9
Let s = -6 + 3. What is the units digit of -5 + (-708)/(-2) + s?
6
Let k be 2046 + 0 + 0 + 5. Let i = 2966 - k. Suppose -30*w + i = -25*w. What is the units digit of w?
3
Suppose -116 = -11*l + 9*l. Suppose o = 75 + l. What is the units digit of o?
3
Let l(n) = 4*n + 22. Let u be l(-5). Suppose 4*z + 165 = f, -2*f + 0*z - u*z = -360. What is the tens digit of f?
7
Let t(k) be the first derivative of 19 + 20/3*k**3 + 2*k**2 + 3*k. What is the tens digit of t(-2)?
7
Let l(s) = -4*s**2 - s - 427. Let p be l(0). Let w = 1282 + p. What is the units digit of w?
5
Let n be (-3890)/(-3)*36/15. Suppose -15*y + n = -7*y. What is the units digit of y?
9
Let m(c) = -21*c + 820. What is the tens digit of m(-37)?
9
Let p(r) = -r**2 - 11*r - 14. Suppose -10*z - 103 = -13. Let v be p(z). Suppose -v*s = -1 - 11. What is the units digit of s?
3
Suppose 3*h + 2*h + 20 = 0, 5*q - 2*h = 98. Let i(z) = -7*z - 17 - 6*z + q*z. What is the tens digit of i(7)?
1
Let f(n) = 15*n**2 + 9*n + 87. Let z be f(-6). Suppose 3*t + 401 = 2*u, -5*t + 10*t = -3*u + z. What is the units digit of u?
6
Let z be 2/8 + (-76)/(-16). Suppose -2*j - k = -z, 0*j - 4*j - 20 = -4*k. What is the units digit of 3/(6/8) - (j - 51)?
5
Let j = -39001 + 66170. What is the units digit of j?
9
Let q = -16258 - -21887. What is the thousands digit of q?
5
Let d = -39 - -41. Suppose -u + d*h - 7*h = 23, -8 = u + 2*h. Suppose -u*s + 3*s - 2*a = 76, -2*s + 3*a + 151 = 0. What is the tens digit of s?
7
Let w = 18 - 49. Let k = 25 + w. What is the units digit of ((-786)/(-24) + 7)/(k/(-16))?
6
Let s = 23768 + -17520. What is the units digit of s?
8
What is the thousands digit of (-18)/4*2010284/(-141)?
4
Suppose 4*x = -2*x + 29172. Suppose -142*q + x = -131*q. What is the tens digit of q?
4
Let c be (-2)/(-12) + (-23)/(-6). Suppose -5*v + 2 = -2*r, v - 5*v + r + c = 0. What is the tens digit of (-1 - 0) + 86*v?
7
Let r = -65 + 70. Suppose -2 = r*q - 7. Suppose 0 = -5*b - t + 151, 0 = -t - 0*t + q. What is the tens digit of b?
3
Let v = 31 + -33. What is the tens digit of (12 + -66)*(v - -1 - 2)?
6
Let l(n) = 31*n + 1510. What is the thousands digit of l(43)?
2
Let s be 20585/20 + (-6)/(-8). Let k = -614 + s. What is the hundreds digit of k?
4
Let b(s) = -4944*s - 3512. What is the tens digit of b(-9)?
8
Let t = 77464 + -25619. What is the hundreds digit of t?
8
Suppose 0 = 2*a + 19 - 1. What is the units digit of (-2)/(-6) + (-276)/a?
1
Suppose -5*d - 4*y = -1816, 4*y + 1424 = 4*d - 0*y. Let j = 419 + d. What is the units digit of j?
9
Let r be -5 + 4/4*4 + 6. Suppose -r*l + 6966 = -649. What is the tens digit of l?
2
Suppose 5*r - 2916 = -w, 5*r + 3*w = 2*r + 1752. What is the tens digit of r?
8
Suppose 0 = -2*x + 2*k + 3136, -427*k - 1565 = -x - 423*k. What is the thousands digit of x?
1
Let j(h) = 3 + 27*h**2 + 3 - 14*h**3 - 10*h**2 + 20*h - 7*h**2 - 2*h**3. What is the tens digit of j(-4)?
1
Suppose -14 = -2*j, 15*j - 16*j = -4*c + 55049. What is the ten thousands digit of c?
1
Let x(r) be the first derivative of 215*r**3/3 - 3*r**2/2 + 4*r + 61. What is the units digit of x(1)?
6
Suppose -6*t + 11*t + 2*n - 393375 = 0, 2*n = 3*t - 236025. What is the units digit of t?
5
Suppose -121*m + 188442 = -92*m. What is the tens digit of m?
9
Let g(r) = -4 + 95445*r**2 - 95433*r**2 - 19*r + 7 - r**3. What is the units digit of g(9)?
5
Let k(z) = 20*z**2 + 20*z - 39. Let r(x) = 7*x**2 + 7*x - 13. Let m(p) = 6*k(p) - 17*r(p). Let u be ((-15)/20)/(9/(-72)). What is the units digit of m(u)?
9
Let t = 43 + -48. Let d(b) = b**3 + 5*b**2 + b + 5. Let w be d(t). Suppose w = -4*v - 5 + 21. What is the units digit of v?
4
Let c be (11/6)/((-2)/(-12)). Suppose 2986 = c*w - 512. What is the hundreds digit of w?
3
What is the units digit of 54/405 - (-34)/(-30) - -6515?
4
Let d(c) = 10*c**2 + 23*c + 38. Let j be d(-11). Let v = 1437 - j. What is the tens digit of v?
4
Let y(h) = -4*h + 10. Suppose 2*l = -2*t + 7*l + 2, 0 = t - 3*l - 2. Let z be y(t). What is the units d